= -3*z - 2*m + 1. Suppose z = -5*j - 20, -2*j = -4*w - 3*j - 12. What is the remainder when 5 is divided by (-66)/(-15) + w/5?
1
Let s(o) = -3*o**3 - 28*o**2 - 12*o + 17. Let m be s(-9). What is the remainder when (48 - m)*33/2 is divided by 20?
6
Let b be (-242)/(-88) + (-2)/(-16)*2. Let g = -79 - -125. Suppose 0 = 3*q + 3, g - 1 = 3*r - b*q. What is the remainder when 51 is divided by r?
9
Suppose -4*s - 2*n = 112, 5*n + 40 = -2*s - 0*n. What is the remainder when 58 is divided by 162/s + 6 - (-304)/10?
27
Suppose 7 - 43 = -12*o. Suppose -3*t = -n - 13, 4*n = t - 0 + o. Suppose -27 = -t*b + 2*b. Calculate the remainder when b is divided by 2.
1
What is the remainder when (-92012)/(-20) - (-1926)/(-535) is divided by 40?
37
Let o = 224 - 217. What is the remainder when 159 is divided by 1*17 - ((11 - o) + -5)?
15
Let i(n) = 2*n**2 + 36*n - 5. Let y be i(-19). Suppose 0 = 5*m - 0*m - 1085. Suppose y*d + m = 40*d. What is the remainder when 152 is divided by d?
28
Let i(x) = 231*x**2 + 26*x - 25. Calculate the remainder when i(1) is divided by 33.
1
Let m(x) be the third derivative of -x**6/120 + x**5/15 + x**4/4 - x**3 - 86*x**2. Calculate the remainder when 82 is divided by m(3).
19
Let d(w) = -2*w + 54. Calculate the remainder when d(-16) is divided by ((10 - 4)/3 + -24)/(-2).
9
Let o be 43/(30/135 - (-7)/9). Suppose -o*u = -38*u - 185. What is the remainder when (864/60)/(2/20) is divided by u?
33
Let a = -8706 + 8739. What is the remainder when 1461 is divided by a?
9
Let c(m) = -m**3 - 2*m**2 - m - 117. Calculate the remainder when c(-7) is divided by 73.
62
Let f(i) = -i**2 + 32*i + 15. Let u be f(32). Calculate the remainder when 43 is divided by u/18 - (-870)/36.
18
Suppose -4*b + 156 = -0*b. Suppose -4*a + 4*z = 3*z - 96, 3*z - 48 = -2*a. Let w = a + -14. What is the remainder when b is divided by w?
9
Calculate the remainder when 260 is divided by 45 + ((-153)/(-9) - 6).
36
Suppose d - 160 - 76 = 0. Let i = d + -145. Calculate the remainder when i is divided by 0/2 - 16/(-1).
11
Let u = 108 - 23. Let y be 185/(-5) + 0/7. Let q = u + y. What is the remainder when q is divided by 7?
6
Let v(s) = -2*s - 2. Suppose 18 = 4*x + 7*u - 2*u, 0 = -3*u + 6. Let c be 78/(-65)*x/(-6)*-20. What is the remainder when 36 is divided by v(c)?
8
Suppose v + 4*k - 6 = 0, 4*k - 5*k = 5*v - 11. Let n(b) = 6*b. Let w be n(v). What is the remainder when 28 is divided by 43/5 - w/(-30)?
1
What is the remainder when (0 - (-3)/4)/((-7)/(-15092)*7) is divided by 14?
7
Suppose 5*f - 2*f - 171 = 0. Let n = -278 - -292. Calculate the remainder when f is divided by (n/21*3)/(4/30).
12
Let p = 174 + -159. What is the remainder when 2/9*-3 - 172/(-6) is divided by p?
13
Suppose -19 = -g - p, -42 = -2*g + 3*p - 7*p. Suppose -27 = g*f - 26*f. What is the remainder when ((-6)/(-4))/(1/6) is divided by f?
0
Let r be ((-182)/(-4))/(14/28). Let d = -80 + r. Let l(m) = m**2 + 4*m - 3. Calculate the remainder when l(-9) is divided by d.
9
Let u(l) = 83*l + 31. Let i be u(6). Suppose s - 129 = g, 4*s - g - i = -7. What is the remainder when s is divided by 11?
10
Let h(u) = -5 - 30*u + 38*u + u**2 + 17. Suppose -t + 4 = 3*f + 11, -2*f = -t + 18. What is the remainder when h(-8) is divided by t?
4
Let u be (5/3)/((-4)/12). Let a(k) = -3*k + 7. Let s(j) = -5*j + 10. Let b(g) = u*s(g) + 8*a(g). Calculate the remainder when 111 is divided by b(8).
13
Let h(d) = -2*d**2 - 11*d - 2. Let u = 24 - 29. Let i be h(u). Suppose -8*w + 135 = -i*w. Calculate the remainder when w is divided by 7.
6
Suppose k - 3*d = 29, 2*d + 1 + 1 = 0. Suppose 0 = 2*g - k + 34. Calculate the remainder when (3 + -8)/(g/52) is divided by 18.
11
Suppose -3*y - 111 = -6*y. Let t(a) = 31*a + 916. What is the remainder when t(-26) is divided by y?
36
Suppose -99 - 1 = 4*p. Let d be (295/p + 0)*-5. Suppose -4*w + 73 = -d. Calculate the remainder when 96 is divided by w.
30
Let z = -2060 - -4661. What is the remainder when z is divided by 42?
39
Suppose -2*x - 1 = -4*k + 63, 80 = 5*k + 2*x. Suppose 0 = 14*l - k*l + v + 212, 2*l - 5*v - 212 = 0. Calculate the remainder when l is divided by 3.
1
Let z = -175 + 145. Let k(r) = -r**2 - 34*r - 4. What is the remainder when k(z) is divided by 30?
26
Suppose -r - 4*o = -478, 4*o + 1498 = -9*r + 12*r. Calculate the remainder when r/12 - 20/(-24) is divided by 5.
2
Suppose y - 13 - 22 = -5*n, -2*y + 4*n = 0. What is the remainder when (-2 - -8)*y/4 is divided by 9?
6
Let i be (-3*1)/(12 - 5841/486). Suppose 1772 = 5*b + i. Calculate the remainder when b is divided by 81.
79
Let d(w) = 18*w - 60. Let c be d(6). Suppose 0 = c*t - 51*t - 18. Calculate the remainder when 222 is divided by ((-16)/(-5))/(t*(-2)/120).
30
Suppose 0 = 2*r + 118*v - 115*v - 350, 0 = 5*r + 5*v - 875. Calculate the remainder when 2133 is divided by r.
33
Suppose 2*p + 11*p = 273. Suppose 46 = -5*u + 6. Let g = u + 91. What is the remainder when g is divided by p?
20
Suppose 3*h + 0*h - 6 = 0. Let n = -66 - -64. Calculate the remainder when (-56)/(-6) + (-10)/(-6) + n is divided by h.
1
Suppose 2304 = -7*s - 11*s. Let j = 150 + s. What is the remainder when 151 is divided by j?
19
Let y = 0 + 4. Let p = -427 - -427. Suppose p = -4*w + y*q + 128, 2*w + 6*q - 3*q - 64 = 0. What is the remainder when w is divided by 11?
10
Let v = 45 + -1. Let x(t) = 16*t**2 + 256*t + 10. Let f be x(-16). Calculate the remainder when v - (-3 + f/5) is divided by 23.
22
Suppose -x - 502 = -5*y + 214, 5*x - 308 = -2*y. What is the remainder when 453 is divided by y?
21
Suppose -12*a = -970 - 1262. Let g(d) = 6*d - 1. What is the remainder when a is divided by g(8)?
45
Suppose -104*v + 3213 + 2299 = 0. What is the remainder when 215 is divided by v?
3
Suppose 5*o - 3*j = -180, -2*j + 54 - 162 = 3*o. Let l(w) = -6*w - 191. Calculate the remainder when 898 is divided by l(o).
23
Let g = -30 - -39. What is the remainder when 143 is divided by ((-4)/(-10))/((-4960)/(-550) - g)?
11
Let j = 10472 + -10171. Calculate the remainder when 318 is divided by j.
17
Suppose 3*n + 291 = -5*i, -5*i = 7*n - 2*n + 295. Let z = i - -80. Calculate the remainder when 160 is divided by z.
22
Let z(s) = 9*s - 7. Let k = -81018 + 81093. What is the remainder when k is divided by z(5)?
37
Suppose 3*u - g - 2886 = 0, -4*u + 3*u - 4*g + 962 = 0. Suppose u*o = 957*o + 10. Calculate the remainder when 109 is divided by o.
1
Let x be (-1)/6*76*(-24)/(-16). Let g(a) = 26*a - 41 + 19*a + 2*a**2 - 10*a. Calculate the remainder when 57 is divided by g(x).
9
Let n be 3 + -2 + (4 - 2 - 1). Suppose 2*w - 622 = -3*m, n*m + 2*w + 127 = 541. Suppose 234 = 5*f + 59. What is the remainder when m is divided by f?
33
Suppose 5*g - 1172 = -962. Calculate the remainder when 269 is divided by g/(-2*(-3 - -2)).
17
Let a = 61 - 121. Let s = a - -123. Calculate the remainder when s is divided by 16.
15
Let b = 123 - 119. Let v = b + 0. Calculate the remainder when 23 is divided by v.
3
Let s(j) = 5*j + 1950. What is the remainder when s(8) is divided by 95?
90
Suppose -5*x - 3*u + 27 = -22, u = 2*x - 13. Calculate the remainder when 783 is divided by x.
7
Suppose 2*y = -10 - 6. Let a be (-100)/y - (-6)/(-4). Suppose 3*s + a = -q, -3 = 3*q - 5*s - 26. Calculate the remainder when 2 is divided by q.
0
Let q = -21500 + 21835. Calculate the remainder when 2688 is divided by q.
8
Calculate the remainder when 1354 is divided by 51268/154 - 24/(-264).
22
Let d be -5 - (0 + -3) - -3. Let h(w) = 22*w - 16. Suppose -3*u + u + 14 = 0. What is the remainder when u is divided by h(d)?
1
Let d(o) = 2*o**3 + 55*o**2 + 151*o - 46. What is the remainder when d(-24) is divided by 14?
12
Let x(s) = -17*s + 93*s - 13*s - 37*s - 23. Calculate the remainder when 54 is divided by x(2).
25
Suppose 9*u - 288 = 5*u. Let f = u + -22. Calculate the remainder when (35/10 - 3)*f is divided by 12.
1
Suppose -162 = -6*u + 234. Suppose u - 44 = v. What is the remainder when 84 is divided by v?
18
Calculate the remainder when 11 + (4/((-4)/3) - -94) is divided by (-4)/14 - (-762)/21.
30
Suppose -4*a + 1986 = -2*q, 3*a + 2480 = 8*a - 2*q. What is the remainder when a is divided by 167?
160
Suppose -5*i + 5 = -0. Suppose -5*t - r + 192 = 0, 5*r + 165 + 6 = 4*t. Calculate the remainder when (i - 47)/((-8)